ulate the highest common divisor of w and 8.
8
Let w be (5/(-4) - 3/(-12)) + 13. Calculate the greatest common divisor of 108 and w.
12
Let p = -151 - -166. Let l(b) = b**2 + 60. Let i be l(0). Calculate the highest common factor of p and i.
15
Suppose -5*z - q = -296, 2*z + 4*q = -4 + 126. Suppose 4*d + 4*f = -f + z, -2*f + 50 = 4*d. What is the highest common factor of d and 77?
11
Suppose 23 = 5*n - 4*h, -h = -8*n + 3*n + 32. Let v = n + 19. Let d be 26*(1 + (-6)/(-2)). Calculate the greatest common factor of d and v.
26
Let l(o) be the second derivative of 17*o**4/6 + 4*o. Let h be l(-1). Calculate the highest common divisor of 85 and h.
17
Let k(d) be the third derivative of d**5/60 - d**4/6 - 5*d**3/3 - 3*d**2. Let h = 10 + -3. Let o be k(h). Calculate the highest common factor of 99 and o.
11
Let c = 13 + 9. Calculate the greatest common divisor of 11 and c.
11
Suppose 6 = -2*u + 16. Suppose u*h = 82 + 78. What is the greatest common divisor of 48 and h?
16
Suppose f - 9 = -3*h + 2, 3*h = f + 19. Suppose l = h*a + 26, 15 = -3*a + 3. Let m = 6 + 0. What is the greatest common factor of m and l?
6
Suppose -5*y + 0*v + v + 46 = 0, -3*v = -12. Calculate the highest common factor of 4 and y.
2
Let m(i) be the first derivative of -i**4/4 + 4*i**3/3 + i**2/2 - 1. Let k be m(2). Suppose -2*u + k = -u. Calculate the highest common divisor of u and 80.
10
Let h be (-6)/(-2)*(6 + -5). Let n be (-1)/(0 - (4 - h)). Suppose -6*c = -3*c - 33. Calculate the greatest common divisor of n and c.
1
Let o = 20 + -17. Suppose 0 = z - 3 - 0, 66 = o*m + z. Calculate the greatest common factor of m and 105.
21
Let u(b) = b**2 + 19*b + 35. Let h be u(-17). What is the highest common divisor of h and 5?
1
Let s be -9*4/(-2 + -2). Let g(d) = 4*d**2 + d - 5. Let w be g(4). Calculate the highest common divisor of s and w.
9
Let h(n) = 171*n**2 + 6*n - 5. Let d(b) = 172*b**2 + 7*b - 6. Let i(q) = -5*d(q) + 6*h(q). Let u be i(-1). What is the highest common divisor of 15 and u?
15
Let o(y) = -3*y + 1. Let i be o(8). Let l = 27 + i. What is the greatest common factor of l and 4?
4
Suppose 10*x = 7*x + 210. Calculate the highest common factor of 28 and x.
14
Let m be 6/(-33) + (-532)/(-22). Suppose -21 = -5*l + 2*l - 3*v, -3*l + 2*v + 6 = 0. Suppose o - 15 = -l*o. Calculate the greatest common divisor of m and o.
3
Suppose 0 = -0*v + 3*v - 24. Let a be 32 + 0/((-4)/(-2)). What is the greatest common factor of a and v?
8
Suppose -4*y = y - 40. Let o = 5 - y. Let u be (26 - o) + 1 + 0. Calculate the greatest common factor of 45 and u.
15
Suppose -4*g = -2*i + 100, 0*i + 3*g + 53 = i. Let p = 26 - 15. What is the highest common divisor of p and i?
11
Let r be 14/35 - (-47)/(-5). Let m be (-402)/r - 1/(-3). Calculate the greatest common factor of m and 5.
5
Let c(z) = z**3 + 4*z**2 + 4*z + 2. Let p be c(-3). Let d = p - -10. What is the greatest common divisor of 54 and d?
9
Let y = 3 + 6. Let k = y + -5. Suppose -x = 4*d - 2*d - 17, -k*x = -3*d - 2. Calculate the greatest common divisor of d and 66.
6
Let v be (-3)/((-3)/(-2)) - -3. What is the highest common factor of v and 10?
1
Suppose 0 = 4*n - 4*s, -39*n + 36*n + 2*s + 1 = 0. Let x = 1 - 0. What is the highest common divisor of x and n?
1
Suppose f + 27 + 5 = 3*z, 0 = 3*z - 2*f - 28. Calculate the highest common divisor of z and 12.
12
Suppose k + 4 = -3*k. Let n be k/((-2)/20) - -2. What is the greatest common factor of 36 and n?
12
Let u = 32 + -26. Let y be (-50)/(-6) + 4/u. Calculate the greatest common factor of 18 and y.
9
Suppose 5*x + 57 - 777 = 0. Let f be 38/9 - (-2)/(-9). Suppose f - 20 = -k. What is the greatest common factor of x and k?
16
Suppose 0*p - 8 = -4*p, -3*v + 3*p + 39 = 0. Calculate the greatest common divisor of 45 and v.
15
Let l(q) = 3*q + 1. Let p be l(1). Suppose -4*i - 8 = -8*i. Let h be (-3 + i - -2)/1. What is the highest common divisor of p and h?
1
Let v be 15/(-20)*(-5 + -3). Let o = 19 - -53. Suppose s = 4*s - o. Calculate the greatest common factor of s and v.
6
Suppose 0 = 2*g - g - 14. Let n be -2 - 0 - 2/(-1). Suppose n*k + 146 = p - 2*k, 3*p - 450 = 3*k. What is the greatest common factor of g and p?
14
Suppose -2*v = -5*k - v + 35, -5*k + 10 = 4*v. Let h be (-30)/(1*(0 - 1)). Calculate the greatest common factor of h and k.
6
Let g(s) = 0 + s**3 + 0*s**3 + 6 - 7*s**2. Let q be g(7). Suppose -t + 6 = -q. Calculate the highest common divisor of 48 and t.
12
Let f be ((-12)/2)/(-36) - 5/(-6). Let n be (-16)/(-3) + 4/(-12). Let a be -2 + n + (-2 - -1). Calculate the highest common divisor of f and a.
1
Let d be (-19 - 0) + 3 + -2. Let m = -13 - d. Suppose 0 = l - 4*a - a - 3, 84 = m*l - 2*a. What is the greatest common divisor of 162 and l?
18
Let o be (-4820)/(-80) + (-2)/8. What is the highest common divisor of o and 15?
15
Suppose -4*q = v - 68, 0 = -5*q - 4*v - 0*v + 96. Suppose 5*t - 3*t = 64. Calculate the greatest common divisor of q and t.
16
Suppose -280 = -6*x + 110. What is the greatest common divisor of x and 39?
13
Suppose 50*u - 56*u = -390. What is the greatest common divisor of u and 13?
13
Suppose y + 6*g = 3*g + 23, 4*y - g - 27 = 0. Suppose -8 - y = 2*x. Let c be (-156)/(-15) - x/(-20). Calculate the greatest common divisor of c and 20.
10
Suppose 0*k = 3*k - 72. Let t be k/(4/6 + 0). Calculate the greatest common factor of t and 24.
12
Suppose 28 + 152 = 4*q. Suppose -4*b - 28 = 8. Let g(t) = -t**3 - 8*t**2 + 8*t - 4. Let m be g(b). Calculate the highest common factor of q and m.
5
Suppose 2*a + 2*a = 4*q + 56, -2*a = 3*q + 52. Let r = 7 + q. Let u = -6 - r. Calculate the highest common divisor of 12 and u.
3
Suppose 0 = -2*a, 6*a + 15 = 5*g + a. Suppose 4*d - 3 - 45 = -3*o, 36 = g*d - 5*o. Calculate the greatest common divisor of d and 36.
12
Suppose 5 = 3*m - 49. What is the greatest common factor of 54 and m?
18
Let h = 37 + -61. Let w be 16/h*(-9 + 0). Calculate the greatest common factor of 15 and w.
3
Suppose 0 = n + 3*c + 14, -5*c - 30 = -3*n - 2*n. Calculate the highest common divisor of n and 11.
1
Suppose 0 = -5*n - 5*j + 26 - 6, 0 = 5*n - 2*j - 13. Let g be n/((-3)/(-23)) + -2. What is the highest common divisor of 7 and g?
7
Let h = -101 - -206. What is the highest common divisor of h and 15?
15
Let n(a) be the second derivative of a**4/12 + a**3/3 - 3*a**2/2 - a. Let g be n(5). What is the highest common factor of g and 80?
16
Let m be 4*-2*(-4 + 0). What is the greatest common divisor of 16 and m?
16
Suppose 0 = -4*z - 10 + 26. Let b be 2/(-5) + (-39)/15. Let q be ((-75)/5)/(b/2). What is the greatest common divisor of z and q?
2
Let p(c) = -c**2 - 11*c - 8. Let h be p(-9). Let w = 10 + h. What is the highest common factor of 220 and w?
20
Suppose -5*d + d + 158 = -2*t, -118 = -3*d + 2*t. Calculate the highest common divisor of d and 160.
40
Let c(o) = o**3 - o**2 + 18. Let u be c(0). Calculate the highest common factor of 6 and u.
6
Let m(t) = -t**3 - 3*t**2 + t + 8. Let o be (1 - 4) + (-4)/4. Let d be m(o). Calculate the greatest common divisor of 60 and d.
20
Suppose -14*r = -16*r + 4. What is the greatest common factor of 22 and r?
2
Let d(l) = -l**3 - 11*l**2 - 3*l - 3. Let u be d(-11). Calculate the highest common factor of 75 and u.
15
Suppose -5*u - 3*t = -34, 4*u - 28 = u + 2*t. Let i be 1150/u + 3/12. What is the highest common divisor of i and 18?
18
Let l = -39 + 45. Calculate the greatest common factor of 6 and l.
6
Suppose d + 0*d = 0. Suppose 4*s - 5 = -4*c - s, 0 = 3*c - s + 1. Suppose c = 2*o - 2*m, d*m - 18 = -2*o - 4*m. What is the highest common divisor of o and 1?
1
Suppose -x + 1 = -1. Let r = x - -2. What is the highest common divisor of 32 and r?
4
Let j(l) = 0*l**2 - 1 - 11*l**3 - 3*l**3 - 2*l - 2*l**2 + l**2. Let a be j(-1). Suppose 175 = -3*n + 8*n. Calculate the greatest common factor of a and n.
7
Let o = -20 + 47. What is the greatest common factor of o and 18?
9
Let h(x) = x**2 + 4*x. Let j be h(-6). Let b(r) = 29*r**2 - 2*r + 4. Let l be b(-3). Suppose 2*m - l = -55. What is the highest common factor of j and m?
12
Let x = -130 - -87. Let c = -27 - x. Calculate the highest common divisor of 80 and c.
16
Suppose 0*v - 4*t - 217 = -v, 5*v + 5*t - 1135 = 0. Suppose -2 = q, 0 = r + 4*q - 8 - 9. What is the highest 